{"id":2330,"date":"2020-09-23T10:04:19","date_gmt":"2020-09-23T13:04:19","guid":{"rendered":"https:\/\/isfdyt24-bue.infd.edu.ar\/sitio\/?page_id=2330"},"modified":"2022-10-17T21:43:41","modified_gmt":"2022-10-18T00:43:41","slug":"inscripcion-a-carreras-2021","status":"publish","type":"page","link":"https:\/\/isfdyt24-bue.infd.edu.ar\/sitio\/inscripcion-a-carreras-2021\/","title":{"rendered":"INSCRIPCI\u00d3N A CARRERAS 2022"},"content":{"rendered":"<h1 style=\"text-align: center;\"><span style=\"color: #ff0000;\">PROXIMAMENTE SE ABRIRA LA POSIBILIDAD DE INSCRIPCION PRESENCIAL<\/span><\/h1>\n<h3 style=\"text-align: left;\">PROFESORADO DE EDUCACI\u00d3N INICIAL<\/h3>\n<ul style=\"text-align: left;\">\n<li>\n<h4>MA\u00d1ANA.<\/h4>\n<\/li>\n<li>\n<h4>TARDE.<\/h4>\n<\/li>\n<\/ul>\n<h3 style=\"text-align: left;\">PROFESORADO DE EDUCACI\u00d3N PRIMARIA<\/h3>\n<ul style=\"text-align: left;\">\n<li>\n<h4>MA\u00d1ANA.<\/h4>\n<\/li>\n<li>\n<h4>VESPERTINO.<\/h4>\n<\/li>\n<\/ul>\n<h3 style=\"text-align: left;\">PROFESORADO DE INGL\u00c9S<\/h3>\n<ul style=\"text-align: left;\">\n<li>\n<h4>MA\u00d1ANA.<\/h4>\n<\/li>\n<li>\n<h4>TARDE.<\/h4>\n<\/li>\n<li>\n<h4>VESPERTINO.<\/h4>\n<\/li>\n<\/ul>\n<h3 style=\"text-align: left;\">PROFESORADO DE MATEM\u00c1TICA<\/h3>\n<ul>\n<li>\n<h4>MA\u00d1ANA.<\/h4>\n<\/li>\n<li>\n<h4>TARDE.<\/h4>\n<\/li>\n<li>\n<h4>VESPERTINO.<\/h4>\n<\/li>\n<\/ul>\n<h3 style=\"text-align: left;\">PROFESORADO DE BIOLOG\u00cdA, F\u00cdSICA O QU\u00cdMICA. (Tronco Com\u00fan)<\/h3>\n<ul>\n<li>\n<h4>MA\u00d1ANA.<\/h4>\n<\/li>\n<li>\n<h4>TARDE.<\/h4>\n<\/li>\n<li>\n<h4>VESPERTINO.<\/h4>\n<\/li>\n<\/ul>\n<h3 style=\"text-align: left;\">ANALISTA DE SISTEMAS.<\/h3>\n<ul style=\"text-align: left;\">\n<li>\n<h4><strong>VESPERTINO<\/strong><\/h4>\n<\/li>\n<\/ul>\n<p><span style=\"color: #ffffff;\">https:\/\/docs.google.com\/forms\/d\/e\/1FAIpQLSdqI9q8PCGpjoqsAuzJZa4Dgjjl_qjjtPJyNNFPn8QCUBj5yA\/viewform?usp=pp_url<\/span><\/p>\n","protected":false},"excerpt":{"rendered":"<p>PROXIMAMENTE SE ABRIRA LA POSIBILIDAD DE INSCRIPCION PRESENCIAL PROFESORADO DE EDUCACI\u00d3N INICIAL MA\u00d1ANA. TARDE. PROFESORADO DE EDUCACI\u00d3N PRIMARIA MA\u00d1ANA. VESPERTINO. PROFESORADO DE INGL\u00c9S MA\u00d1ANA. TARDE. VESPERTINO. PROFESORADO DE MATEM\u00c1TICA MA\u00d1ANA. TARDE. VESPERTINO. PROFESORADO DE BIOLOG\u00cdA, F\u00cdSICA O QU\u00cdMICA. (Tronco Com\u00fan) MA\u00d1ANA. TARDE. VESPERTINO. ANALISTA DE SISTEMAS. VESPERTINO https:\/\/docs.google.com\/forms\/d\/e\/1FAIpQLSdqI9q8PCGpjoqsAuzJZa4Dgjjl_qjjtPJyNNFPn8QCUBj5yA\/viewform?usp=pp_url<\/p>\n","protected":false},"author":6009,"featured_media":0,"parent":0,"menu_order":0,"comment_status":"closed","ping_status":"closed","template":"","meta":[],"acf":[],"_links":{"self":[{"href":"https:\/\/isfdyt24-bue.infd.edu.ar\/sitio\/wp-json\/wp\/v2\/pages\/2330"}],"collection":[{"href":"https:\/\/isfdyt24-bue.infd.edu.ar\/sitio\/wp-json\/wp\/v2\/pages"}],"about":[{"href":"https:\/\/isfdyt24-bue.infd.edu.ar\/sitio\/wp-json\/wp\/v2\/types\/page"}],"author":[{"embeddable":true,"href":"https:\/\/isfdyt24-bue.infd.edu.ar\/sitio\/wp-json\/wp\/v2\/users\/6009"}],"replies":[{"embeddable":true,"href":"https:\/\/isfdyt24-bue.infd.edu.ar\/sitio\/wp-json\/wp\/v2\/comments?post=2330"}],"version-history":[{"count":36,"href":"https:\/\/isfdyt24-bue.infd.edu.ar\/sitio\/wp-json\/wp\/v2\/pages\/2330\/revisions"}],"predecessor-version":[{"id":3817,"href":"https:\/\/isfdyt24-bue.infd.edu.ar\/sitio\/wp-json\/wp\/v2\/pages\/2330\/revisions\/3817"}],"wp:attachment":[{"href":"https:\/\/isfdyt24-bue.infd.edu.ar\/sitio\/wp-json\/wp\/v2\/media?parent=2330"}],"curies":[{"name":"wp","href":"https:\/\/api.w.org\/{rel}","templated":true}]}}