{"id":318,"date":"2016-10-31T14:20:44","date_gmt":"2016-10-31T17:20:44","guid":{"rendered":"https:\/\/isfdyt24-bue.infd.edu.ar\/sitio\/?page_id=318"},"modified":"2025-02-26T10:24:51","modified_gmt":"2025-02-26T13:24:51","slug":"contacto","status":"publish","type":"page","link":"https:\/\/isfdyt24-bue.infd.edu.ar\/sitio\/contacto\/","title":{"rendered":"CONTACTO"},"content":{"rendered":"<h2 style=\"text-align: center;\">COMUNICATE CON NOSOTROS<\/h2>\n<p style=\"text-align: right;\"><div id=\"metaslider-id-2292\" style=\"max-width: 500px; margin: 0 auto;\" class=\"ml-slider-3-33-0 metaslider metaslider-coin metaslider-2292 ml-slider ms-theme-default\" role=\"region\" aria-roledescription=\"Slideshow\" aria-label=\"Slideshow\">\n    <div id=\"metaslider_container_2292\">\n        <div id='metaslider_2292' class='coin-slider'>\n<a href=\"javascript:void(0)\" target=\"_self\"><img src=\"https:\/\/isfdyt24-bue.infd.edu.ar\/sitio\/wp-content\/uploads\/2024\/07\/TEL.-SECRETARIA-500x500.jpg\" height=\"500\" width=\"500\" alt=\"\" class=\"slider-2292 slide-2300\" title=\"TEL. SECRETARIA\" style=\"display: none;\" \/><\/a>\n<a href=\"javascript:void(0)\" target=\"_self\"><img src=\"https:\/\/isfdyt24-bue.infd.edu.ar\/sitio\/wp-content\/uploads\/2024\/07\/MAIL-INSTITUCIONAL-500x500.jpg\" height=\"500\" width=\"500\" alt=\"\" class=\"slider-2292 slide-2298\" title=\"MAIL INSTITUCIONAL\" style=\"display: none;\" \/><\/a>\n<a href=\"javascript:void(0)\" target=\"_self\"><img src=\"https:\/\/isfdyt24-bue.infd.edu.ar\/sitio\/wp-content\/uploads\/2024\/07\/MAIL-SECRETARIA-500x500.jpg\" height=\"500\" width=\"500\" alt=\"\" class=\"slider-2292 slide-2299\" title=\"MAIL SECRETARIA\" style=\"display: none;\" \/><\/a>\n<a href=\"javascript:void(0)\" target=\"_self\"><img src=\"https:\/\/isfdyt24-bue.infd.edu.ar\/sitio\/wp-content\/uploads\/2024\/07\/MAIL-BIBLIOTECA-500x500.jpg\" height=\"500\" width=\"500\" alt=\"\" class=\"slider-2292 slide-2297\" title=\"MAIL BIBLIOTECA\" style=\"display: none;\" \/><\/a>\n<a href=\"javascript:void(0)\" target=\"_self\"><img src=\"https:\/\/isfdyt24-bue.infd.edu.ar\/sitio\/wp-content\/uploads\/2024\/07\/TEL.-PRECEPTORIA-500x500.jpg\" height=\"500\" width=\"500\" alt=\"\" class=\"slider-2292 slide-4727\" title=\"TEL. PRECEPTORIA\" style=\"display: none;\" \/><\/a>\n        <\/div>\n        \n    <\/div>\n<\/div><\/p>\n<h3>Mails de Preceptor\u00edas por Carrera y Turnos:<\/h3>\n<p><img decoding=\"async\" loading=\"lazy\" class=\"alignnone size-full wp-image-2302 aligncenter\" src=\"https:\/\/isfdyt24-bue.infd.edu.ar\/sitio\/wp-content\/uploads\/2020\/09\/mail-precep.jpg\" alt=\"\" width=\"443\" height=\"507\" \/><\/p>\n<p>Tel\u00e9fono Preceptor\u00eda: 4388-0864<\/p>\n<p>Tel\u00e9fono Secretaria: 11-4696-8765<\/p>\n<p>Mail Secretaria: isfdyt24quilmes@abc.gob.ar<\/p>\n<p>Mail Biblioteca:\u00a0biblioteca24bernal@gmail.com<\/p>\n","protected":false},"excerpt":{"rendered":"<p>COMUNICATE CON NOSOTROS Mails de Preceptor\u00edas por Carrera y Turnos: Tel\u00e9fono Preceptor\u00eda: 4388-0864 Tel\u00e9fono Secretaria: 11-4696-8765 Mail Secretaria: isfdyt24quilmes@abc.gob.ar Mail Biblioteca:\u00a0biblioteca24bernal@gmail.com<\/p>\n","protected":false},"author":1,"featured_media":0,"parent":0,"menu_order":0,"comment_status":"closed","ping_status":"closed","template":"","meta":[],"acf":[],"_links":{"self":[{"href":"https:\/\/isfdyt24-bue.infd.edu.ar\/sitio\/wp-json\/wp\/v2\/pages\/318"}],"collection":[{"href":"https:\/\/isfdyt24-bue.infd.edu.ar\/sitio\/wp-json\/wp\/v2\/pages"}],"about":[{"href":"https:\/\/isfdyt24-bue.infd.edu.ar\/sitio\/wp-json\/wp\/v2\/types\/page"}],"author":[{"embeddable":true,"href":"https:\/\/isfdyt24-bue.infd.edu.ar\/sitio\/wp-json\/wp\/v2\/users\/1"}],"replies":[{"embeddable":true,"href":"https:\/\/isfdyt24-bue.infd.edu.ar\/sitio\/wp-json\/wp\/v2\/comments?post=318"}],"version-history":[{"count":35,"href":"https:\/\/isfdyt24-bue.infd.edu.ar\/sitio\/wp-json\/wp\/v2\/pages\/318\/revisions"}],"predecessor-version":[{"id":4990,"href":"https:\/\/isfdyt24-bue.infd.edu.ar\/sitio\/wp-json\/wp\/v2\/pages\/318\/revisions\/4990"}],"wp:attachment":[{"href":"https:\/\/isfdyt24-bue.infd.edu.ar\/sitio\/wp-json\/wp\/v2\/media?parent=318"}],"curies":[{"name":"wp","href":"https:\/\/api.w.org\/{rel}","templated":true}]}}