{"id":849,"date":"2018-07-02T20:08:32","date_gmt":"2018-07-02T23:08:32","guid":{"rendered":"https:\/\/isfdyt24-bue.infd.edu.ar\/sitio\/sitios-de-interes\/"},"modified":"2022-03-26T10:48:01","modified_gmt":"2022-03-26T13:48:01","slug":"sitios-de-interes","status":"publish","type":"page","link":"https:\/\/isfdyt24-bue.infd.edu.ar\/sitio\/sitios-de-interes\/","title":{"rendered":"SITIOS DE INTER\u00c9S"},"content":{"rendered":"<p>\u00a0<\/p>\n<ul>\n<li><span style=\"font-family: verdana,geneva;\"><a href=\"http:\/\/www.me.gov.ar\/\"><span style=\"font-size: 12pt;\">Ministerio de Educaci\u00f3n de la Naci\u00f3n<\/span><\/a><\/span><\/li>\n<\/ul>\n<ul>\n<li><span style=\"font-family: verdana,geneva;\"><a href=\"http:\/\/abc.gov.ar\/\"><span style=\"font-size: 12pt;\"><span style=\"font-size: 12pt;\">Direcci\u00f3n General de Cultura y Educaci\u00f3n<\/span><\/span><\/a><\/span><\/li>\n<\/ul>\n<ul>\n<li><span style=\"font-family: verdana,geneva;\"><a href=\"http:\/\/www.secretariaquilmes.com.ar\/\"><span style=\"font-size: 12pt;\"><span style=\"font-size: 12pt;\">Secretar\u00eda de Asuntos Docentes Quilmes<\/span><\/span><\/a><\/span><\/li>\n<\/ul>\n\n\n<p><\/p>\n","protected":false},"excerpt":{"rendered":"<p>\u00a0 Ministerio de Educaci\u00f3n de la Naci\u00f3n Direcci\u00f3n General de Cultura y Educaci\u00f3n Secretar\u00eda de Asuntos Docentes Quilmes<\/p>\n","protected":false},"author":146,"featured_media":0,"parent":0,"menu_order":0,"comment_status":"closed","ping_status":"closed","template":"","meta":[],"acf":[],"_links":{"self":[{"href":"https:\/\/isfdyt24-bue.infd.edu.ar\/sitio\/wp-json\/wp\/v2\/pages\/849"}],"collection":[{"href":"https:\/\/isfdyt24-bue.infd.edu.ar\/sitio\/wp-json\/wp\/v2\/pages"}],"about":[{"href":"https:\/\/isfdyt24-bue.infd.edu.ar\/sitio\/wp-json\/wp\/v2\/types\/page"}],"author":[{"embeddable":true,"href":"https:\/\/isfdyt24-bue.infd.edu.ar\/sitio\/wp-json\/wp\/v2\/users\/146"}],"replies":[{"embeddable":true,"href":"https:\/\/isfdyt24-bue.infd.edu.ar\/sitio\/wp-json\/wp\/v2\/comments?post=849"}],"version-history":[{"count":2,"href":"https:\/\/isfdyt24-bue.infd.edu.ar\/sitio\/wp-json\/wp\/v2\/pages\/849\/revisions"}],"predecessor-version":[{"id":3591,"href":"https:\/\/isfdyt24-bue.infd.edu.ar\/sitio\/wp-json\/wp\/v2\/pages\/849\/revisions\/3591"}],"wp:attachment":[{"href":"https:\/\/isfdyt24-bue.infd.edu.ar\/sitio\/wp-json\/wp\/v2\/media?parent=849"}],"curies":[{"name":"wp","href":"https:\/\/api.w.org\/{rel}","templated":true}]}}