{"id":851,"date":"2018-07-02T20:08:32","date_gmt":"2018-07-02T23:08:32","guid":{"rendered":"https:\/\/isfdyt24-bue.infd.edu.ar\/sitio\/profesorado-en-fisica-con-trayecto-en-ciencias-naturales\/"},"modified":"2025-12-22T20:17:03","modified_gmt":"2025-12-22T23:17:03","slug":"profesorado-en-fisica-con-trayecto-en-ciencias-naturales","status":"publish","type":"page","link":"https:\/\/isfdyt24-bue.infd.edu.ar\/sitio\/profesorado-en-fisica-con-trayecto-en-ciencias-naturales\/","title":{"rendered":"Profesorado de Educaci\u00f3n Secundaria en F\u00edsica."},"content":{"rendered":"\n<div class=\"wp-block-file\"><a id=\"wp-block-file--media-7fefda73-0797-4610-b9d8-10ab7bfbd5ae\" href=\"https:\/\/isfdyt24-bue.infd.edu.ar\/sitio\/wp-content\/uploads\/2021\/11\/13259-99modif-por-3581-00-Diseno-Curricular-Fisica.pdf\">RESOL 13259\/99 Y MODIF POR 3581\/00 DISE\u00d1O CURRICULAR F\u00cdSICA (Plan Viejo)<\/a><a href=\"https:\/\/isfdyt24-bue.infd.edu.ar\/sitio\/wp-content\/uploads\/2021\/11\/13259-99modif-por-3581-00-Diseno-Curricular-Fisica.pdf\" class=\"wp-block-file__button wp-element-button\" download aria-describedby=\"wp-block-file--media-7fefda73-0797-4610-b9d8-10ab7bfbd5ae\">Descarga<\/a><\/div>\n\n\n\n<div class=\"wp-block-file\"><object class=\"wp-block-file__embed\" data=\"https:\/\/isfdyt24-bue.infd.edu.ar\/sitio\/wp-content\/uploads\/2023\/03\/DC-Fisica.pdf\" type=\"application\/pdf\" style=\"width:100%;height:891px\" aria-label=\"Incrustado de DISE\u00d1OS CURRICULARES DEL PROFESORADO DE EDUCACI\u00d3N SECUNDARIA EN F\u00cdSICA.\"><\/object><a id=\"wp-block-file--media-292ed3db-334d-40d5-bf56-469c8bae5a50\" href=\"https:\/\/isfdyt24-bue.infd.edu.ar\/sitio\/wp-content\/uploads\/2023\/03\/DC-Fisica.pdf\">DISE\u00d1OS CURRICULARES DEL PROFESORADO DE EDUCACI\u00d3N SECUNDARIA EN F\u00cdSICA<\/a><a href=\"https:\/\/isfdyt24-bue.infd.edu.ar\/sitio\/wp-content\/uploads\/2023\/03\/DC-Fisica.pdf\" class=\"wp-block-file__button wp-element-button\" download aria-describedby=\"wp-block-file--media-292ed3db-334d-40d5-bf56-469c8bae5a50\">Descarga<\/a><\/div>\n","protected":false},"excerpt":{"rendered":"","protected":false},"author":146,"featured_media":0,"parent":0,"menu_order":0,"comment_status":"closed","ping_status":"closed","template":"","meta":[],"acf":[],"_links":{"self":[{"href":"https:\/\/isfdyt24-bue.infd.edu.ar\/sitio\/wp-json\/wp\/v2\/pages\/851"}],"collection":[{"href":"https:\/\/isfdyt24-bue.infd.edu.ar\/sitio\/wp-json\/wp\/v2\/pages"}],"about":[{"href":"https:\/\/isfdyt24-bue.infd.edu.ar\/sitio\/wp-json\/wp\/v2\/types\/page"}],"author":[{"embeddable":true,"href":"https:\/\/isfdyt24-bue.infd.edu.ar\/sitio\/wp-json\/wp\/v2\/users\/146"}],"replies":[{"embeddable":true,"href":"https:\/\/isfdyt24-bue.infd.edu.ar\/sitio\/wp-json\/wp\/v2\/comments?post=851"}],"version-history":[{"count":5,"href":"https:\/\/isfdyt24-bue.infd.edu.ar\/sitio\/wp-json\/wp\/v2\/pages\/851\/revisions"}],"predecessor-version":[{"id":5587,"href":"https:\/\/isfdyt24-bue.infd.edu.ar\/sitio\/wp-json\/wp\/v2\/pages\/851\/revisions\/5587"}],"wp:attachment":[{"href":"https:\/\/isfdyt24-bue.infd.edu.ar\/sitio\/wp-json\/wp\/v2\/media?parent=851"}],"curies":[{"name":"wp","href":"https:\/\/api.w.org\/{rel}","templated":true}]}}