{"id":982,"date":"2018-07-02T20:09:35","date_gmt":"2018-07-02T23:09:35","guid":{"rendered":"https:\/\/isfdyt24-bue.infd.edu.ar\/sitio\/diseno-curricular-completo-2018\/"},"modified":"2023-12-28T19:14:44","modified_gmt":"2023-12-28T22:14:44","slug":"diseno-curricular-completo-2018","status":"publish","type":"page","link":"https:\/\/isfdyt24-bue.infd.edu.ar\/sitio\/diseno-curricular-completo-2018\/","title":{"rendered":"PLAN RESOLUCI\u00d3N 1861\/17 (Plan Nuevo)"},"content":{"rendered":"<h1>Click para ver:<\/h1>\n<ul>\n<li>\n<h3><a href=\"https:\/\/isfdyt24-bue.infd.edu.ar\/sitio\/wp-admin\/upload\/NUEVO_DISEN_O_CURRICULAR_MATEMATICA.pdf\">DISE\u00d1O CURRICULAR COMPLETO<\/a><\/h3>\n<\/li>\n<li>\n<h3>ESTRUCTURA CURRICULAR:<\/h3>\n<ul>\n<li>\n<h3><a href=\"https:\/\/drive.google.com\/file\/d\/1MEuBMY5eBvJMLQ8sgcCeznMLHQGAnr-V\/view?usp=sharing\">1\u00b0 A\u00d1O<\/a><\/h3>\n<\/li>\n<li>\n<h3><a href=\"https:\/\/drive.google.com\/file\/d\/18cm60o4cSSw5yq1q3Ii5PAr8GCDrd1Pw\/view?usp=sharing\">2\u00b0 A\u00d1O<\/a><\/h3>\n<\/li>\n<li>\n<h3><a href=\"https:\/\/drive.google.com\/file\/d\/1RL0UJVXwQKHMnVVrZdYKcDGxvAZ7Aliv\/view?usp=sharing\">3\u00b0 A\u00d1O<\/a><\/h3>\n<\/li>\n<li>\n<h3><a href=\"https:\/\/drive.google.com\/file\/d\/1AEH-GslW8niAnF9tqAxEXvAhHRMbSg1_\/view?usp=sharing\">4\u00b0 A\u00d1O<\/a><\/h3>\n<\/li>\n<\/ul>\n<\/li>\n<li>\n<h3>CORRELATIVIDADES:<\/h3>\n<ul>\n<li><a href=\"https:\/\/drive.google.com\/file\/d\/1w_DaB5V0lKjnMs_v6rrzZ-ZGoEj2Dj_s\/view?usp=sharing\">Comunicado<\/a><\/li>\n<li><a href=\"https:\/\/drive.google.com\/file\/d\/1nXlsaj1dVt6K207Ej48iTQ7xYKtRRK92\/view?usp=sharing\">Resoluci\u00f3n<\/a><\/li>\n<li><a href=\"https:\/\/drive.google.com\/file\/d\/15_dtGKTib9PbSr2iqpvHitjspm6Jntaz\/view?usp=sharing\">ANEXO 7 R\u00e9gimen de Correlatividades<\/a><\/li>\n<\/ul>\n<\/li>\n<\/ul>\n","protected":false},"excerpt":{"rendered":"<p>Click para ver: DISE\u00d1O CURRICULAR COMPLETO ESTRUCTURA CURRICULAR: 1\u00b0 A\u00d1O 2\u00b0 A\u00d1O 3\u00b0 A\u00d1O 4\u00b0 A\u00d1O CORRELATIVIDADES: Comunicado Resoluci\u00f3n ANEXO 7 R\u00e9gimen de Correlatividades<\/p>\n","protected":false},"author":6009,"featured_media":0,"parent":0,"menu_order":0,"comment_status":"closed","ping_status":"closed","template":"","meta":[],"acf":[],"_links":{"self":[{"href":"https:\/\/isfdyt24-bue.infd.edu.ar\/sitio\/wp-json\/wp\/v2\/pages\/982"}],"collection":[{"href":"https:\/\/isfdyt24-bue.infd.edu.ar\/sitio\/wp-json\/wp\/v2\/pages"}],"about":[{"href":"https:\/\/isfdyt24-bue.infd.edu.ar\/sitio\/wp-json\/wp\/v2\/types\/page"}],"author":[{"embeddable":true,"href":"https:\/\/isfdyt24-bue.infd.edu.ar\/sitio\/wp-json\/wp\/v2\/users\/6009"}],"replies":[{"embeddable":true,"href":"https:\/\/isfdyt24-bue.infd.edu.ar\/sitio\/wp-json\/wp\/v2\/comments?post=982"}],"version-history":[{"count":7,"href":"https:\/\/isfdyt24-bue.infd.edu.ar\/sitio\/wp-json\/wp\/v2\/pages\/982\/revisions"}],"predecessor-version":[{"id":5652,"href":"https:\/\/isfdyt24-bue.infd.edu.ar\/sitio\/wp-json\/wp\/v2\/pages\/982\/revisions\/5652"}],"wp:attachment":[{"href":"https:\/\/isfdyt24-bue.infd.edu.ar\/sitio\/wp-json\/wp\/v2\/media?parent=982"}],"curies":[{"name":"wp","href":"https:\/\/api.w.org\/{rel}","templated":true}]}}